{"id":240,"date":"2020-06-10T17:27:56","date_gmt":"2020-06-10T17:27:56","guid":{"rendered":"http:\/\/reklamelabor.de\/?page_id=240"},"modified":"2021-01-23T18:40:26","modified_gmt":"2021-01-23T18:40:26","slug":"event-und-service","status":"publish","type":"page","link":"https:\/\/pixoman.de\/reklamelabor\/event-und-service\/","title":{"rendered":"Event- und Service: go2 Eventmaker"},"content":{"rendered":"\n<figure class=\"wp-block-image size-large is-resized\"><img loading=\"lazy\" decoding=\"async\" src=\"https:\/\/pixoman.de\/reklamelabor\/wp-content\/uploads\/2021\/01\/go-2-LOGO.jpg\" alt=\"\" class=\"wp-image-253\" width=\"265\" height=\"199\" srcset=\"https:\/\/pixoman.de\/reklamelabor\/wp-content\/uploads\/2021\/01\/go-2-LOGO.jpg 1175w, https:\/\/pixoman.de\/reklamelabor\/wp-content\/uploads\/2021\/01\/go-2-LOGO-744x562.jpg 744w, https:\/\/pixoman.de\/reklamelabor\/wp-content\/uploads\/2021\/01\/go-2-LOGO-420x317.jpg 420w\" sizes=\"auto, (max-width: 265px) 100vw, 265px\" \/><\/figure>\n\n\n\n<h4 class=\"wp-block-heading\"><strong>Einen Grund zum Feiern gibt es immer: Tag der offenen T\u00fcr oder Jubil\u00e4umsgala, Richtfest oder Party f\u00fcr Mitarbeiter und Kunden&#8230;<\/strong> <\/h4>\n\n\n\n<p>&#8230;und wir haben die passenden Konzepte, K\u00fcnstler, Technik, Zelte, Deko, Catering, Personal und was man sonst noch braucht. Und nat\u00fcrlich die Erfahrung seit \u00fcber 20 Jahren.<\/p>\n\n\n\n<h2 class=\"wp-block-heading\">Die richtige Ausstattung:<\/h2>\n\n\n\n<p>Wenn Ihr Platz mal nicht ausreicht, helfen wir weiter: vom kleinen Falt-Pavillon bis zum gro\u00dfen Bierzelt. Und selbstverst\u00e4ndlich mit der passenden Ausstattung: Sitzb\u00e4nke, Stehtische, Loungem\u00f6bel und K\u00fchlschr\u00e4nke, Lampen, Deko und Gr\u00fcnpflanzen, Schirme und Heizpilze&#8230;<\/p>\n\n\n\n<h2 class=\"wp-block-heading\">Gute Unterhaltung<\/h2>\n\n\n\n<p>Dank unserer langj\u00e4hrigen Erfahrung vermitteln wir Ihnen K\u00fcnster aller Genre: vom Alleinunterhalter bis zum Blasmusikensemble, Gala- oder Rockband, DJ oder Comedian, Stelzenl\u00e4ufer oder Moderator. Auf Wunsch gern auch ein komplettes Sinfonieorchester&#8230;<\/p>\n\n\n\n<h2 class=\"wp-block-heading\">Technik + Catering + Personal<\/h2>\n\n\n\n<p>&#8230;und alles was noch dazugeh\u00f6rt. Mit unseren Partnern haben wir die Profis im Team, die Ihre Veranstaltung zum Erlebnis machen. <\/p>\n","protected":false},"excerpt":{"rendered":"<p>Einen Grund zum Feiern gibt es immer: Tag der offenen T\u00fcr oder Jubil\u00e4umsgala, Richtfest oder Party f\u00fcr Mitarbeiter und Kunden&#8230; &#8230;und wir haben die passenden Konzepte, K\u00fcnstler, Technik, Zelte, Deko, Catering, Personal und was man sonst noch braucht. Und nat\u00fcrlich die Erfahrung seit \u00fcber 20 Jahren. Die richtige Ausstattung: Wenn Ihr Platz mal nicht ausreicht, [&hellip;]<\/p>\n","protected":false},"author":1,"featured_media":0,"parent":0,"menu_order":0,"comment_status":"closed","ping_status":"closed","template":"","meta":{"footnotes":""},"class_list":["post-240","page","type-page","status-publish","hentry"],"aioseo_notices":[],"_links":{"self":[{"href":"https:\/\/pixoman.de\/reklamelabor\/wp-json\/wp\/v2\/pages\/240","targetHints":{"allow":["GET"]}}],"collection":[{"href":"https:\/\/pixoman.de\/reklamelabor\/wp-json\/wp\/v2\/pages"}],"about":[{"href":"https:\/\/pixoman.de\/reklamelabor\/wp-json\/wp\/v2\/types\/page"}],"author":[{"embeddable":true,"href":"https:\/\/pixoman.de\/reklamelabor\/wp-json\/wp\/v2\/users\/1"}],"replies":[{"embeddable":true,"href":"https:\/\/pixoman.de\/reklamelabor\/wp-json\/wp\/v2\/comments?post=240"}],"version-history":[{"count":11,"href":"https:\/\/pixoman.de\/reklamelabor\/wp-json\/wp\/v2\/pages\/240\/revisions"}],"predecessor-version":[{"id":257,"href":"https:\/\/pixoman.de\/reklamelabor\/wp-json\/wp\/v2\/pages\/240\/revisions\/257"}],"wp:attachment":[{"href":"https:\/\/pixoman.de\/reklamelabor\/wp-json\/wp\/v2\/media?parent=240"}],"curies":[{"name":"wp","href":"https:\/\/api.w.org\/{rel}","templated":true}]}}

<figure class="wp-block-image size-large is-resized"><img loading="lazy" decoding="async" src="https://pixoman.de/reklamelabor/wp-content/uploads/2021/01/go-2-LOGO.jpg" alt="" class="wp-image-253" width="265" height="199" srcset="https://pixoman.de/reklamelabor/wp-content/uploads/2021/01/go-2-LOGO.jpg 1175w, https://pixoman.de/reklamelabor/wp-content/uploads/2021/01/go-2-LOGO-744x562.jpg 744w, https://pixoman.de/reklamelabor/wp-content/uploads/2021/01/go-2-LOGO-420x317.jpg 420w" sizes="auto, (max-width: 265px) 100vw, 265px" /></figure>



<h4 class="wp-block-heading"><strong>Einen Grund zum Feiern gibt es immer: Tag der offenen Tür oder Jubiläumsgala, Richtfest oder Party für Mitarbeiter und Kunden&#8230;</strong> </h4>



<p>&#8230;und wir haben die passenden Konzepte, Künstler, Technik, Zelte, Deko, Catering, Personal und was man sonst noch braucht. Und natürlich die Erfahrung seit über 20 Jahren.</p>



<h2 class="wp-block-heading">Die richtige Ausstattung:</h2>



<p>Wenn Ihr Platz mal nicht ausreicht, helfen wir weiter: vom kleinen Falt-Pavillon bis zum großen Bierzelt. Und selbstverständlich mit der passenden Ausstattung: Sitzbänke, Stehtische, Loungemöbel und Kühlschränke, Lampen, Deko und Grünpflanzen, Schirme und Heizpilze&#8230;</p>



<h2 class="wp-block-heading">Gute Unterhaltung</h2>



<p>Dank unserer langjährigen Erfahrung vermitteln wir Ihnen Künster aller Genre: vom Alleinunterhalter bis zum Blasmusikensemble, Gala- oder Rockband, DJ oder Comedian, Stelzenläufer oder Moderator. Auf Wunsch gern auch ein komplettes Sinfonieorchester&#8230;</p>



<h2 class="wp-block-heading">Technik + Catering + Personal</h2>



<p>&#8230;und alles was noch dazugehört. Mit unseren Partnern haben wir die Profis im Team, die Ihre Veranstaltung zum Erlebnis machen. </p>

<p>Einen Grund zum Feiern gibt es immer: Tag der offenen Tür oder Jubiläumsgala, Richtfest oder Party für Mitarbeiter und Kunden&#8230; &#8230;und wir haben die passenden Konzepte, Künstler, Technik, Zelte, Deko, Catering, Personal und was man sonst noch braucht. Und natürlich die Erfahrung seit über 20 Jahren. Die richtige Ausstattung: Wenn Ihr Platz mal nicht ausreicht, [&hellip;]</p>
